a = 2*z + z. Calculate the remainder when 19 is divided by z.
5
Let d = -83 - -200. Let t = d - 72. What is the remainder when t is divided by (24/9)/(44/198)?
9
Suppose 70 + 11 = 3*u. Calculate the remainder when u is divided by (14/3)/((-3)/(-9)).
13
Suppose 0 = -2*d - 23 - 3. Suppose -2*p + 185 = 3*p. What is the remainder when p is divided by d*(-1 + 2)*-1?
11
Let s(i) = i**3 + 7*i**2 + 3*i - 5. Let n(t) = t**3 + 7*t**2 - 9*t + 8. Calculate the remainder when s(-4) is divided by n(-8).
15
What is the remainder when 2 is divided by ((-5)/(-2) - 2)/((-19)/(-38))?
0
Suppose -3*s = -4*h + 100, 5*h + 2*s - 87 = 61. Calculate the remainder when 33 is divided by (-8 - h)*(-2)/4.
15
Let t = 209 - -33. Let y = t + -169. What is the remainder when y is divided by 19?
16
Let h = -8 - -63. What is the remainder when h is divided by 15?
10
Let g(c) = c**3 - 17*c**2 + 20*c + 19. Calculate the remainder when g(16) is divided by 28.
27
Let p(b) = -6*b - 13. Let m = 2 + 0. Suppose -2*d + m*i = -42, 0*d - 27 = -d + 3*i. Calculate the remainder when d is divided by p(-3).
3
Suppose -4 + 44 = 5*m + 5*l, 0 = -m + l + 6. Suppose -11 = -4*a + 3*a. Calculate the remainder when a is divided by m.
4
Let g(t) = 31*t**3 - 1. Let c be g(-1). Let l = c + 99. What is the remainder when l is divided by 17?
16
Suppose 0 = -m - 3*m + 16. Suppose -m*n = n - 65. Suppose 4*i - 3*x = 88, -109 = -5*i + 4*x - 0*x. Calculate the remainder when i is divided by n.
12
Let g be 5/((-5)/3)*-10. Suppose 4*h = g + 118. What is the remainder when h is divided by 20?
17
Suppose 3*i = -0*i + 201. Calculate the remainder when i is divided by (7 + -2)/(16/112).
32
Let f = 150 - -50. Calculate the remainder when f is divided by 29.
26
Suppose 0 = -3*q - 37 + 151. Calculate the remainder when q is divided by 11.
5
Let r be (-2)/((-3 - -7)/(-12)). What is the remainder when 21/r*-1*-2 is divided by 5?
2
Suppose 0 = b - 2*u - 4, 2*u + 8 = -b. Suppose 4*d - 13 = p, d - 4*p + 1 = 8. What is the remainder when b - 9*(-1)/1 is divided by d?
1
Let s(y) = -y**2 - 13*y - 8. Let l be s(-12). Suppose -l*a = 2*w - 148, 4*a - w = 3*a + 40. Calculate the remainder when a is divided by 13.
12
Let k(r) = -r. Let x(i) = 3*i. Let s(u) = 8*k(u) + 3*x(u). Suppose -1 = -3*v + 2. What is the remainder when s(1) is divided by v?
0
Let n be 7 + 0 + 2/(-1). What is the remainder when (0 - -23)/(6 - n) is divided by 6?
5
Let d(n) = -3 - 9 - n**2 + 11*n - 7*n + 9*n. Let o(m) = 2*m**2 + 4*m + 4. Calculate the remainder when d(8) is divided by o(-3).
8
Let u = 684 - 480. Suppose u = 5*h + 39. Calculate the remainder when h is divided by 18.
15
Suppose -3*v - 102 = -3*u, 0*v + 3*v = -3*u + 72. Let d = 501 - 493. What is the remainder when u is divided by d?
5
Calculate the remainder when 35 is divided by 1 - 2 - -4 - -9.
11
Suppose -6*t + 425 = -193. What is the remainder when t is divided by 35?
33
Let q be 1/(2/4*-1). Calculate the remainder when 10*(3 + q - 0) is divided by 104/18 + (-4)/(-18).
4
Suppose 0 = -2*m + 3*v - 6 - 3, 0 = -5*v + 25. Let t = m - 1. Suppose 1 = 2*a - 3. Calculate the remainder when a is divided by t.
0
Suppose 2*w - w - 17 = -r, 0 = 2*r - 4*w - 10. What is the remainder when 50 is divided by r?
11
Let r(q) = 7*q - 73. What is the remainder when r(12) is divided by 5?
1
Let g be (-6)/4*(-1 + -1). Let r be g + 0/(3/(-3)). Suppose r*s - 71 - 13 = 0. What is the remainder when s is divided by 15?
13
Suppose -y = -6 - 0. Let j(r) = -r**3 + 8*r**2 - 7*r - 1. What is the remainder when 114 is divided by j(y)?
27
Let j(h) = h**2 + 11*h + 6. Let q be j(-4). Suppose -4*n + 123 = 5*r, 2*r + 2*n + n = 45. What is the remainder when r is divided by 608/44 + (-4)/q?
13
Let b(t) = 2*t + 2. Let p(f) be the third derivative of -f**3/6 - f**2. Let k(s) = b(s) + 5*p(s). What is the remainder when k(4) is divided by 3?
2
Suppose f - 5*k - 31 = -0*f, 0 = -4*f + 2*k + 70. Let s(u) = u - 1. Let x be s(7). Suppose 0 = q - 2*q + x. Calculate the remainder when f is divided by q.
4
Suppose -2*s = s - 144. Let g(z) = 3*z - 29. What is the remainder when s is divided by g(18)?
23
Suppose 4*f - 1 - 19 = 0. Suppose -37 - 104 = -f*v - 3*n, 0 = -4*v + 4*n + 132. Let r = -7 + v. Calculate the remainder when r is divided by 8.
7
Let z be 1 + 7 + (-9)/3. Suppose -3*p = 4*n - 194, -4*p - n + 268 = -z*n. What is the remainder when p is divided by 17?
15
Suppose 0 = 4*g + 5*l - 2*l - 2, -3*g = -5*l - 16. What is the remainder when 1 + (12 - (0 - -1)) is divided by (45/18)/(1/g)?
2
Suppose 44 = z - 0. What is the remainder when z is divided by (-2)/(-4)*(49 + -3)?
21
Let l(b) = -b - 8. Let g be l(-5). Let s be g*(8/(-6))/4. Let z = s - -14. Calculate the remainder when 29 is divided by z.
14
Let i = -2 - -27. What is the remainder when 47 is divided by i?
22
Let j(p) = -p**3 + 3*p**2 + 2. Let v be j(3). Calculate the remainder when 67 is divided by v*(2 - (-38)/4).
21
Suppose 5*v - 45 = 2*o + 45, -3*o + 1 = v. Let q be (-3)/(-12) + 422/8. Suppose 2*l - 9 - q = 0. What is the remainder when l is divided by v?
15
Let f(t) = -t**2 + 8*t + 1. Suppose -2*m = -5*a - 18, 2*m - 4*a + 0*a - 16 = 0. Calculate the remainder when 33 is divided by f(m).
16
Let h = -4 + 6. Suppose 0 = 5*z - 3*v - 116, -h*z = 2*z + 2*v - 106. What is the remainder when 74 is divided by z?
24
Suppose 2*f - 35 = f. Calculate the remainder when f is divided by 4.
3
Suppose 0 = -r + 3*r + 4*a - 72, 5*a = r - 1. What is the remainder when 42 is divided by r?
16
Let n be 2/(-5) - 68/(-20). Calculate the remainder when 8 is divided by 10/n + 2/(-6).
2
Suppose -3*p + p + 68 = 0. Suppose -3*g = 2*g + 20. Let q = g + 16. Calculate the remainder when p is divided by q.
10
Suppose 44 + 16 = 2*q. Suppose 0*w - 192 = -4*w. Suppose 6*k + 0*k - w = 0. What is the remainder when q is divided by k?
6
Let y(v) = 27*v - 2. Let l be y(1). Let i = l + -4. What is the remainder when (-2)/((-118)/(-122) + -1) is divided by i?
19
Suppose -2*i - 3*i + 44 = -z, -3*i + 30 = 3*z. Let g = 15 + 2. What is the remainder when g is divided by i?
8
Let g(a) = 9*a. Calculate the remainder when g(3) is divided by 10.
7
Suppose 3*f = -5*r - f + 25, -r + 5 = -4*f. Calculate the remainder when (-105)/(-9) - (-2)/(-3) is divided by r.
1
Let x be 1*(-23 + 0 - -2). Let s be 220/(-16) - (-2)/(-8). Calculate the remainder when (x/s)/(1/10) is divided by 8.
7
Let y = 4 + -1. Suppose y*t = -t + 12. Calculate the remainder when 7 is divided by t.
1
Let y = -8 - -47. Calculate the remainder when y is divided by 20.
19
Let u(i) = 2*i**2 + 12*i + 26. What is the remainder when 79 is divided by u(-5)?
15
Let m(f) = -6*f + 0*f + 3*f - 13*f - 1. What is the remainder when m(-1) is divided by 8?
7
Calculate the remainder when 34 is divided by (4/24)/((-1)/(-4))*18.
10
Let u be (5 + -4)/(1/(-2)). Let b = u + 4. Suppose -120 = -5*a - 5*j, j = -0 + b. What is the remainder when a is divided by 8?
6
Suppose 0 = -0*b - 3*b + 102. Let f(r) = 5*r + 3. Calculate the remainder when b is divided by f(3).
16
Suppose 19 = -4*i + 155. Calculate the remainder when i is divided by 9.
7
Suppose -20*d + 31*d = 198. What is the remainder when d is divided by 12?
6
Let i = -4 + 3. What is the remainder when 47 is divided by 2*((-54)/(-4) + i)?
22
Suppose -57 = -3*b - 18. Let o be (-4)/6 + (-77)/(-3). Let q = o - b. What is the remainder when q is divided by 7?
5
What is the remainder when 34 is divided by 6/((-28)/(-8) + -3)?
10
Let r be ((-38)/4)/((-5)/10). Let t be r/(-2)*(5 + 1). Let j = -33 - t. Calculate the remainder when j is divided by 13.
11
Let g(u) = 3*u + 2. Calculate the remainder when 20 is divided by g(3).
9
Let t(q) = 0*q + 4*q + 4 - 10. Let v be t(7). Suppose 20 = 3*k - v. Calculate the remainder when k is divided by 8.
6
Suppose 2*s - 161 = -3*y, 120 = 2*y - 2*s - 3*s. Let w(n) = -n + 30. Calculate the remainder when y is divided by w(16).
13
Let t = 17 - 13. Calculate the remainder when 15 is divided by t.
3
Let s = 18 + -14. Suppose p = 4*a - 10, 2*p + 0*a = 5*a - 5. Calculate the remainder when p is divided by s.
2
Let b(x) be the first derivative of 5*x**2 + x + 2. Calculate the remainder when 0/((-4)/(-2)) - -42 is divided by b(1).
9
Let f = 27 - -82. Calculate the remainder when f is divided by 37.
35
Suppose